or of 3 and q.
3
Let z = -8 + 15. What is the highest common divisor of 63 and z?
7
Let k be (-11 + (-1 - 0))*1. Let x be ((-20)/k)/((-2)/(-24)). Suppose 0*i - 54 = -i - 4*d, -155 = -3*i - 5*d. Calculate the greatest common factor of x and i.
10
Let v = 54 + -40. Calculate the greatest common factor of 28 and v.
14
Let y = 12 - 3. Let p be 21/(-4)*-2*6. What is the greatest common divisor of p and y?
9
Suppose 7*d = 17*d - 250. Suppose 0 = 3*y - 8*y + 1375. Calculate the highest common divisor of d and y.
25
Let p(d) = 2*d**2 - d + 1. Let f be p(1). Let r(x) = 2*x**2 + 2*x + 3 + 3*x**f - 5 - 1. Let t be r(3). Calculate the greatest common divisor of t and 12.
12
Let j = -8 - -19. Let y(a) = 22*a**3. Let v be y(1). Calculate the greatest common divisor of v and j.
11
Let b be ((-4)/(-3))/(1/3). What is the highest common factor of b and 52?
4
Let y(o) = o + 5. Let s be y(4). Suppose 0*m - 4*m + 4 = 0. Calculate the highest common divisor of m and s.
1
Let h be (-108)/(-1)*3/6. Calculate the greatest common divisor of 36 and h.
18
Let i be (-4)/(-6) + (-7572)/(-9). Let m = i - 454. Suppose 2*o = -4*x + m, o = -x - 3*x + 392. What is the highest common factor of 11 and x?
11
Let m = -9 - -18. Suppose 0 = -5*q - 7 - 18. Let s be 2/q - (-21)/15. What is the highest common divisor of m and s?
1
Suppose 0 = -2*a - a + 12. Suppose 4*x = m + 44, 2*x - 4*x = -2*m - 28. What is the highest common factor of a and x?
2
Let z = -4 + -4. Let p(v) = v**2 + 8*v + 10. Let d be p(z). Calculate the greatest common divisor of 4 and d.
2
Suppose q = 4*k - 50, -72 + 18 = -4*k + 3*q. What is the highest common factor of 20 and k?
4
Let w(a) be the second derivative of 17*a**3/6 - 7*a**2/2 + 3*a. Let o be w(7). What is the greatest common divisor of 16 and o?
16
Let s = 18 - 9. Let w be 120/s - (-2)/3. What is the greatest common factor of w and 14?
14
Let d be (18/(-8))/(4/16). Let i be (-9)/((d/(-12))/(-3)). Calculate the greatest common factor of i and 54.
18
Let q = 22 - 6. Let d be (q/6)/((-6)/(-9)). Let i = 5 - d. What is the greatest common factor of 11 and i?
1
Let t(b) = -21*b - 4. Let p be t(-4). Suppose -4*m + 4*f + p = 0, -m - 92 = -5*m + f. Calculate the highest common divisor of 12 and m.
12
Let t(m) = -m**3 + 6*m**2 + 5. Let q be t(6). Let o = q - 1. Suppose 0 = o*z + 1 - 41. What is the greatest common divisor of 2 and z?
2
Suppose -3*n - 45 = -3*l - 6*n, -2*l = n - 29. Let z = -55 + 193. Suppose -3*t + t + z = 2*v, -5*v = -t + 75. What is the greatest common divisor of t and l?
14
Let q be (-1 + 0)/(0 + -1). Let h be q*-5*(-24)/5. Let t = 24 + -8. Calculate the greatest common divisor of t and h.
8
Let i be -4*(3/3)/(-1). Suppose i*c - 69 = 5*z, -5*c + 3*z + 83 = -0*z. What is the highest common divisor of 128 and c?
16
Let k be (-4)/(-4) + -5 + 2. Let a be -4*(175/k)/5. Calculate the highest common factor of 10 and a.
10
Let n be 18 + ((-12)/6 - 4). Suppose -11 = -4*k + 1. Suppose 388 = k*m + 100. What is the greatest common factor of m and n?
12
Suppose 6 = -5*i + 1, x - 177 = i. Calculate the greatest common divisor of x and 22.
22
Suppose -16*l = -11*l - 90. What is the greatest common factor of l and 27?
9
Let d be -1*1*(-24 - 1). Let n = 4 - 0. Suppose 5*t + 5 = 5*f, -f + t + 21 = n*f. Calculate the greatest common divisor of f and d.
5
Suppose 5 = -3*m + 14. Let v = m + -1. Suppose -5*f = v*r - 7 - 28, -2*r + f + 29 = 0. Calculate the highest common divisor of 3 and r.
3
Suppose 4*s = 14*s - 220. Calculate the greatest common factor of 22 and s.
22
Let h be ((-36)/(-2) + 0)*5. Suppose 2*j - h = -j. Calculate the highest common factor of 45 and j.
15
Let y(v) = 43*v**2 + v. Let j be y(1). Suppose -r + 135 = j. Calculate the highest common divisor of 13 and r.
13
Let g be (-1 - -2) + 3 - -1. Let r = 8 + 7. Calculate the highest common divisor of r and g.
5
Suppose -p - 1 = -0*p. Let q be p/(-2)*(6 + -4). Let u = 7 + 1. What is the greatest common divisor of u and q?
1
Let u(p) = 4*p. Let m(y) = -5*y. Let w(d) = 3*m(d) + 2*u(d). Let l be w(-2). Calculate the greatest common factor of 28 and l.
14
Let j(x) = 2*x**2 + 4*x. Let p be j(-3). Suppose -q = 3*q - 8. Calculate the greatest common factor of q and p.
2
Suppose -2 = -g - 2*q + 4, 24 = 4*g + 2*q. Suppose -2*j + g = 34. Let a be (-2817)/(-63) + (-4)/j. Calculate the greatest common factor of 9 and a.
9
Suppose -5*t = -20, 4*g - 2*t = 2*t + 4. Let j be (-2)/(-11) + (-13846)/(-77). Suppose 5*y = y + j. What is the greatest common divisor of y and g?
5
Let a = 113 + -80. What is the greatest common factor of a and 11?
11
Let v = 69 + -63. Calculate the greatest common divisor of 6 and v.
6
Suppose 26*h = 24*h + 12. What is the greatest common factor of 2 and h?
2
Let t(v) be the second derivative of -v**5/20 + 2*v**4/3 + v**3/2 - 4*v**2 - v. Let r be t(8). Calculate the greatest common factor of r and 40.
8
Suppose 2*n + 0*n = 4*x + 24, 0 = 4*n - 4*x - 44. Calculate the highest common divisor of 110 and n.
10
Suppose n + 74 = 3*n - 4*j, -4*n - 4*j = -136. Let w be (3 + 0)*(147/9)/7. Calculate the highest common factor of n and w.
7
Let w be 548/2*2/4. Suppose -53 = 3*h - w. Suppose 28 = 4*t - h. What is the highest common divisor of 28 and t?
14
Suppose -2*s - 2 = s + 5*o, -5*s - 4*o = -14. What is the highest common divisor of 48 and s?
6
Let g be (1/(-1))/1 - 0. Let k be 0/g - -10 - 0. Suppose 0*f - 270 = -3*f. What is the greatest common divisor of k and f?
10
Suppose -6*h + 50 + 58 = 0. What is the greatest common factor of h and 162?
18
Let c = 2 + 0. Suppose 3*o = 4*m - 33, c*o = -4*m + o + 53. What is the highest common factor of 18 and m?
6
Let i = 42 + -12. Let x = i - 16. Let s be (66/(-7))/((-2)/x). What is the highest common factor of s and 6?
6
Suppose -m = -w + 268, -4*w + 5*m + 441 = -635. Calculate the highest common divisor of w and 22.
22
Let c be 3*-2 - (-3 + 3). Let d be (-2)/(-3) - 2/c. Let f be 1*(d - -121) - 1. Calculate the greatest common divisor of 11 and f.
11
Let m be (9/6 - 3)*-22. Calculate the greatest common factor of 264 and m.
33
Let w(q) = 12*q**3. Let m be w(1). Let g = -153 + 189. Calculate the greatest common factor of g and m.
12
Let f(w) = w**3 - 4*w**2 + 6*w. Let t be f(4). Suppose -6*o + t = -3*o. What is the highest common divisor of 2 and o?
2
Let o be 2 - -9 - 2/2. Suppose -20 = -5*q + 70. Let k = 28 - q. Calculate the highest common divisor of k and o.
10
Suppose 2*w = 16*w - 784. What is the greatest common factor of 42 and w?
14
Let n = 23 - 14. Calculate the highest common divisor of n and 63.
9
Let q = -1 - -37. Suppose -5*b - 11 = -n - 2*n, -n = 5*b - 37. Calculate the greatest common factor of q and n.
12
Let a(j) = -j**3 - 10*j**2 - j - 9. Let k be a(-10). Let v(f) = 2*f**2 - 2*f - 1. Let d be v(-1). Calculate the highest common factor of d and k.
1
Suppose 5*r + 25 = 3*t, -5*r + 4*t = -r + 20. Let j(a) = 1 - 3*a - 3 + 1. Let s be j(r). Calculate the greatest common divisor of 112 and s.
14
Let l(u) = -u**3 - u**2 + u + 19. Let v be l(0). Suppose 4*t = v - 7. Calculate the greatest common factor of 24 and t.
3
Let z be (-4)/6 - 82/(-6). What is the greatest common factor of 104 and z?
13
Suppose -2*m + 1 + 4 = 3*a, -8 = 4*m. What is the greatest common divisor of a and 15?
3
Suppose -227 = -3*q + 118. Suppose 3*f - 5*g - 97 = 2*f, -g + q = f. What is the greatest common divisor of 16 and f?
16
Suppose 7*b = 3*b + 260. Suppose 0 = -5*q + 3*u + 56, u = 4*q + 3*u - 58. What is the greatest common divisor of b and q?
13
Suppose -4*h + 12 = -0*h. Suppose -3*y = -8*y + 3*s + 90, 40 = 4*y + 4*s. Calculate the greatest common divisor of y and h.
3
Let o = 7 - 5. Let h = -18 - -22. What is the greatest common factor of o and h?
2
Let n(v) = -5*v + 6. Let d be n(-2). Calculate the highest common divisor of d and 16.
16
Let t = -2116 + 4095. Let d be (-5)/(-10) + t/2. Suppose -d = -3*g - 2*g. What is the greatest common divisor of g and 18?
18
Let w(q) = 3*q**3 - 2*q - 5. Let t be w(3). Suppose -4*j + 2*g + t = 3*g, 0 = 2*j - 4*g - 44. What is the greatest common factor of 2 and j?
2
Suppose -6*n = -2*n - 60. Let w = n - 10. Let s = -20 + 30. Calculate the greatest common divisor of s and w.
5
Let q be (-160)/(-3) - (80/(-12) - -6). What is the greate